 q(c). Let g = 7 + -12. Calculate a(g).
-5
Let k(c) be the first derivative of c**4 + c**3/3 - c**2/2 - c - 17. Determine k(-1).
-3
Let p be 42/8 - (-3)/(-12). Let a = 0 - p. Let f(s) be the third derivative of s**5/60 + 5*s**4/24 - 5*s**3/6 - 5*s**2. Give f(a).
-5
Let b(s) = s - 5. Let d(c) = -6*c + 24. Let q(j) = 11*b(j) + 2*d(j). Let v(k) = -k**3 - 4*k**2 + k - 2. Let o be v(-4). Calculate q(o).
-1
Let p(u) = u - 2. Let d be p(-1). Let r(m) = m**2 + 6*m - 1. What is r(d)?
-10
Let v(z) be the second derivative of -z**3/6 + 5*z**2/2 - 9*z. Determine v(0).
5
Suppose 12 = -3*d, h + 25 = 2*h - 3*d. Suppose h = 5*y + 3. Let q(i) = i + i**2 - i**2 + 7*i**2 + 5*i**y. What is q(-1)?
11
Let g(d) = d**2 - 3*d - 3. Let v(r) = -4*r**3 + r. Suppose 3*f = -z - 3 + 14, -5*z - 2*f + 3 = 0. Let w be v(z). Calculate g(w).
-3
Suppose 0 = -4*q - 0 + 12. Let f(l) = -l**3 + 3*l + q*l - 4*l**2 - 7 - 2*l. Give f(-5).
-2
Let d(h) = 0 + 2 + h**2 - 7 - 5*h - 1. Let q be d(6). Let x(f) = -f - 6. Give x(q).
-6
Let r(z) = -4*z**2 + z + 4*z**2 - z**2 - 2*z. Determine r(-1).
0
Suppose -n - 3*n = -5*r - 34, -14 = -3*n - 2*r. Let m(g) = 7*g + 6 - 15 - 4*g**2 + 3*g**2. Determine m(n).
-3
Let s(a) = a**3 - 5*a**2 - 6*a - 6. Let k = 157 + -151. Calculate s(k).
-6
Suppose -24 = 2*u + 4*f, -5*u = -0*f - f + 5. Let y be 20/(-10) + 6/u. Let a(r) be the third derivative of r**4/24 - r**3/6 - r**2. Calculate a(y).
-6
Let t be -1 - 0*3/(-9). Let v(s) = s - 5. Let m be v(5). Let k = t - m. Let u(l) = 6*l**2 + l + 1. What is u(k)?
6
Let n(g) = -9*g - 1. Let b(v) = v + 6*v + 1 - 2*v. Let w(m) = 7*b(m) + 4*n(m). Calculate w(2).
1
Let n(d) = -1 + 2*d - d + d - d**2. Calculate n(3).
-4
Let w(v) = 2 + 0 + 38*v - 37*v. Determine w(0).
2
Let s = -7 - -12. Suppose 3*k + 8 = s*k. Let t(h) = -4*h + k*h + 2*h. What is t(-2)?
-4
Let b(y) = -2*y + 3. Suppose 4*k - 3*w = -k + 40, 8 = k - 2*w. Determine b(k).
-13
Let s(g) = g**2 + 22*g - 48. Let y be s(-24). Let w(x) = -x - 11. Calculate w(y).
-11
Let d(x) = -x**3 - x**2 - x - 5. Let l(k) = k**3 + k + 6. Let a(j) = 4*d(j) + 3*l(j). Let c be (-56)/16 - 2/4. Determine a(c).
2
Let x(t) = -2*t - 3. Let v be x(-3). Let o(b) be the second derivative of 0 + 1/6*b**3 - 3*b + 1/2*b**2. Calculate o(v).
4
Suppose 22*n + 24 = 26*n. Let g(k) = n*k + 5 - 4*k + 1. Calculate g(-4).
-2
Let p(l) = 2*l + 6. Let f = 16 - 21. Determine p(f).
-4
Let v(o) = 3*o**3 + o**2 + 3*o - 4. Let m(y) = 7*y**3 + 2*y**2 + 7*y - 9. Let f(z) = -4*m(z) + 9*v(z). Give f(1).
-1
Let q(m) = -7*m**2 + 2*m**2 + 2*m + 13*m**2 + m**3 + 14 - 2. Calculate q(-8).
-4
Let b(u) = -u - 40 + 11 + 7. Determine b(-10).
-12
Suppose 0*m - 3*m = 0, 4*m - 10 = -5*x. Suppose -o + 4 = h, 3*h + 3 = -3. Let r = x - o. Let b(z) = -z - 3. Give b(r).
1
Suppose -4*l + 1 = -3*l. Let d be ((-3)/6)/(l/(-6)). Let q(x) = x**2 - 3*x - 3. Give q(d).
-3
Let j(a) = -a + 4. Let n(u) = -u**2 - 4*u - 3. Let d(y) = -y**2 - 4*y - 3. Let f be d(-4). Let k be n(f). Give j(k).
4
Let d(g) = g**3 - g**2 - g + 1. Let f(a) = 3*a**3 - 6*a**2 - a - 2. Let o = 7 - 8. Let z(r) = -r - 9. Let c be z(-11). Let i(m) = c*d(m) + o*f(m). Give i(3).
10
Let p(k) = -k**2 + 5*k + 3. Let q(v) = -9*v**3 - v**2 - v - 1. Let l be q(-1). Suppose 3*g - l*g = 75. Let a be (-1)/(0 + 3/g). Calculate p(a).
3
Let v = -48 + 72. Suppose -4*o + 0*o + x = -v, 5*o - 4*x - 41 = 0. Let q(i) be the third derivative of i**4/24 + i**3/6 - 23*i**2. What is q(o)?
6
Let l(v) = v**2 - 9*v + 7. Suppose -39 = -4*s - 5*t, -33 = -4*s - 7*t + 4*t. What is l(s)?
-11
Suppose -v = v + 6. Let y(x) = x**2 - x + 1. Determine y(v).
13
Let v = -2 + 2. Let s(i) = 3 + 5*i**3 - 3*i**3 - 3*i**3. What is s(v)?
3
Let u(o) = -2*o**3 - 6*o**2 - 1 + 0*o**2 + 3*o**2 - o + 2. Determine u(-2).
7
Let w(z) be the second derivative of -z**7/840 - z**6/120 + z**5/30 - z**4/8 + z**3/6 + 6*z. Let p(s) be the second derivative of w(s). What is p(-4)?
-3
Let y = -35 + 55. Suppose 3*f = d + 13, 0*f = -5*f + y. Let n(j) = -2*j**3 + 2*j + 1. What is n(d)?
1
Let i(d) = -d**2 + 2*d**2 - 10*d + 2*d. Give i(5).
-15
Let q(j) be the third derivative of 1/2*j**3 + 1/120*j**6 + 0 + 1/8*j**4 - j**2 + 0*j + 1/20*j**5. Let d be 32/(-10) + (-1)/(-5). Give q(d).
-6
Let w(x) = x + 1. Let h be w(4). Suppose h*p - 11 = -3*o - 0*p, -2*o = p - 5. Let r(g) = 4 - 3*g + 7 - 3 + o*g. What is r(4)?
4
Let w(c) = 2*c**2 - c - 3. Let p(t) = -t**3 - 9*t**2 - t - 6. Let h be p(-9). Let z(o) = o**2 - o - 2. Let a(b) = h*z(b) - 2*w(b). What is a(-3)?
-6
Let a(o) = 2*o + 2. Suppose -3*f = -5*f - 4. Determine a(f).
-2
Let l(k) = -k**3 + 11*k**2 + k + 4. Let x(q) = -q**2 - q. Let i(v) = l(v) + 5*x(v). Let p = 5 + 0. Calculate i(p).
9
Let l(y) = -3*y**3 - 2*y**2 - y. Suppose 2*h - 2 = 3*c - 3, c + 4*h = -9. Let q be l(c). Suppose q*n = n - 5. Let x(z) = z**2 + 5*z + 2. Calculate x(n).
2
Suppose -4*p - 2*v + 17 = -v, 17 = 3*p + 5*v. Let n(l) = -8 - p*l + l + 5. Calculate n(-2).
3
Let o = 5 - 9. Let u(g) = 4*g**2 + 3*g + 5. Let z(x) be the third derivative of x**4/24 + x**3/6 + 2*x**2. Let r(a) = o*z(a) + u(a). Determine r(1).
4
Let y(s) = s - 2. Let b = -21 + 30. Let m = b - 5. Suppose -m*f + 17 = 5. Determine y(f).
1
Let p(b) = b**3 - 8*b**2 - 33*b. Let k be p(11). Let i(s) = s**2 - 20. Determine i(k).
-20
Let c(f) = f**3 - 10*f**2 - f + 12. Let b be (-5)/(-2)*16/4. Determine c(b).
2
Let z(x) = -x**2 - 7*x + 3. Let m be (-2 + 16/6)*-3. Let f = m - 4. Calculate z(f).
9
Let p(y) = -2*y**3 - 2*y**2 - 2*y - 1. Suppose 4*c - 3 = 17, -4*c + 30 = -5*g. Determine p(g).
11
Let j(q) = 4*q**2 - q - 1 + 4*q + 2*q. Let o(a) = 5*a**2 + 6*a - 1. Let b(u) = 6*j(u) - 5*o(u). Calculate b(-1).
-2
Let p(l) = -2 + l - 7 + 4. What is p(-6)?
-11
Let f = 0 + 6. Let o be (f + (0 - 1))*1. Let h(m) = -m - 5. Give h(o).
-10
Let y(a) = a**2 - 6*a + 2. Let b be y(4). Let i(t) = -t**2 - 8*t - 6. What is i(b)?
6
Let v(x) be the second derivative of -x**7/2520 - x**6/120 - x**5/24 - x**4/12 + 2*x. Let p(k) be the third derivative of v(k). What is p(-5)?
0
Let g(t) be the third derivative of t**4/24 + t**3/6 - 36*t**2. Determine g(-7).
-6
Let y(f) = f**2 + 2. Let p(g) = -2*g - 4. Let o be p(-4). Suppose 5*k - o = 4*k. Suppose -k*c - 2 = -3*c. Calculate y(c).
6
Let m(w) = -w + 2. Let j be -3*(3 - 2 - 0). What is m(j)?
5
Let z(o) = -o - 8. Let s be z(-13). Let g(y) = 4*y**3 + 11*y**2 - 2*y + 9. Let j(h) = -3*h**3 - 10*h**2 + 3*h - 8. Let r(q) = s*j(q) + 4*g(q). What is r(5)?
6
Suppose -4*q = q + 3*v, 3*q - v + 14 = 0. Let u(w) = -w**2 + w + 4. What is u(q)?
-8
Let v be (14/(-3))/((-5)/15). Suppose -v = -3*o + 2*i - i, -o = i - 6. Let a(p) = p - 10. What is a(o)?
-5
Let r be (9 - 0)/3 - 0. Let t(c) = -3*c - r - 2*c + 7. Let z(i) = -15*i + 11. Let h(d) = -8*t(d) + 3*z(d). What is h(1)?
-4
Let q(x) = 6*x - 1. Let g be (-3)/2*(-52)/6. Let t = -12 + g. What is q(t)?
5
Let i = 24 + -19. Let v(u) = u**2 - 4*u - 2. What is v(i)?
3
Let s(o) = -7*o + 9. Let k(x) = 6*x - 8. Let j(f) = -6*k(f) - 5*s(f). Calculate j(3).
0
Let r(p) be the second derivative of -p**5/4 + p**4/6 - p**3/3 + p**2/2 + 9*p. Give r(1).
-4
Let h = 7 + 0. Let k(u) = 0*u**2 + h*u**2 + 0*u**2 + 2 - 5*u**2 + u**3 - u. Calculate k(-3).
-4
Let p(l) be the third derivative of -l**7/1260 + l**6/180 + l**5/20 + 4*l**2. Let m(d) be the third derivative of p(d). What is m(3)?
-8
Let j(b) = -b**3 - b**2 - 4*b - 3. Let t be j(-2). Let k(g) = t + 0*g - 5*g + g**2 - 3*g - g. Give k(6).
-9
Let o(h) = 4 - 3*h - 2 + 0. Give o(2).
-4
Let z(o) be the second derivative of o**5/20 - o**4/6 - o**3/3 - o**2 + 20*o. Suppose 0 = 8*j - 4*j - 12. What is z(j)?
1
Let y(o) = -o**3 - 7*o**2 - 7*o. Suppose -4*f = 6*f + 60. Give y(f).
6
Let c = -1 + 3. Let t(o) = 7*o - 3*o - 4*o**2 + c*o + 5 - o**3 - o. Calculate t(-5).
5
Let t(d) = -2 - 4 + 3*d - d. Let i(n) = -5*n + 1. Let h(k) = 2*k - 1. Let s(f) = 14*h(f) + 6*i(f). Let m be s(-6). What is t(m)?
2
Suppose 4*u = 10*u. Let g(h) be the third derivative of -h**2 + u*h - 1/12*h**4 - 1/6*h**3 + 0. Calculate g(2).
-5
Let j(n) be the first derivative of 3*n**2/2 + 1. Let u(s) = s + 5. Let q be u(-5). Suppose q = -3*d - 6. Determine j(d).
-6
Let j(m) = -2*m + m**2 - 2*m**3 - 21 + 22 + 3*m. Suppose 3*d = 2*h, -3*d - 4*h + 16 = -d. Let i = d + 0. Calculate j(i).
-9
Let a(o) be the first derivative of 1 + 1